{"id":92,"date":"2018-07-11T19:56:00","date_gmt":"2018-07-11T19:56:00","guid":{"rendered":"http:\/\/www.podhorama.cz\/?page_id=92"},"modified":"2026-01-11T17:31:37","modified_gmt":"2026-01-11T17:31:37","slug":"ceny-ubytovani","status":"publish","type":"page","link":"https:\/\/www.podhorama.cz\/index.php\/ceny-ubytovani\/","title":{"rendered":"Ceny ubytov\u00e1n\u00ed"},"content":{"rendered":"<div id=\"pl-92\"  class=\"panel-layout\" ><div id=\"pg-92-0\"  class=\"panel-grid panel-has-style\" ><div class=\"panel-row-style panel-row-style-for-92-0\" ><div id=\"pgc-92-0-0\"  class=\"panel-grid-cell panel-grid-cell-empty panel-grid-cell-mobile-last\" ><\/div><div id=\"pgc-92-0-1\"  class=\"panel-grid-cell panel-grid-cell-empty\" ><\/div><\/div><\/div><div id=\"pg-92-1\"  class=\"panel-grid panel-no-style\" ><div id=\"pgc-92-1-0\"  class=\"panel-grid-cell panel-grid-cell-empty panel-grid-cell-mobile-last\" ><\/div><div id=\"pgc-92-1-1\"  class=\"panel-grid-cell panel-grid-cell-empty\" ><\/div><\/div><div id=\"pg-92-2\"  class=\"panel-grid panel-no-style\" ><div id=\"pgc-92-2-0\"  class=\"panel-grid-cell panel-grid-cell-empty panel-grid-cell-mobile-last\" ><\/div><div id=\"pgc-92-2-1\"  class=\"panel-grid-cell panel-grid-cell-empty\" ><\/div><\/div><div id=\"pg-92-3\"  class=\"panel-grid panel-no-style\" ><div id=\"pgc-92-3-0\"  class=\"panel-grid-cell\" ><div id=\"panel-92-3-0-0\" class=\"so-panel widget widget_sow-editor panel-first-child panel-last-child\" data-index=\"0\" ><div\n\t\t\t\n\t\t\tclass=\"so-widget-sow-editor so-widget-sow-editor-base\"\n\t\t\t\n\t\t>\n<div class=\"siteorigin-widget-tinymce textwidget\">\n\t<h3 style=\"padding-left: 40px; text-align: center;\"><strong>Cen\u00edk ubytov\u00e1n\u00ed pro rok 2026<\/strong><\/h3>\n<\/div>\n<\/div><\/div><\/div><\/div><div id=\"pg-92-4\"  class=\"panel-grid panel-no-style\" ><div id=\"pgc-92-4-0\"  class=\"panel-grid-cell\" ><div id=\"panel-92-4-0-0\" class=\"so-panel widget widget_sow-editor panel-first-child panel-last-child\" data-index=\"1\" ><div\n\t\t\t\n\t\t\tclass=\"so-widget-sow-editor so-widget-sow-editor-base\"\n\t\t\t\n\t\t>\n<div class=\"siteorigin-widget-tinymce textwidget\">\n\t<h3 style=\"padding-left: 40px;\">&nbsp;<\/h3>\n<p style=\"padding-left: 40px;\"><strong>Cena za apartm\u00e1n\/noc p\u0159i obsazenosti max. 4 osoby<\/strong><\/p>\n<p style=\"padding-left: 40px;\"><strong>2.1. - 31.3. ; 15.6. - 1.9.&nbsp; &nbsp; &nbsp; &nbsp; &nbsp; &nbsp; &nbsp; &nbsp; &nbsp; 2000,-<\/strong><\/p>\n<p style=\"padding-left: 40px;\"><strong>1.4. - 14.6. ; 2.9. - 24.12.&nbsp; &nbsp; &nbsp; &nbsp; &nbsp; &nbsp; &nbsp; &nbsp; 1700,-<\/strong><\/p>\n<p style=\"padding-left: 40px;\"><strong>25.12. - 2.1.&nbsp; &nbsp; &nbsp; &nbsp; &nbsp; &nbsp; &nbsp; &nbsp; &nbsp; &nbsp; &nbsp; &nbsp; &nbsp; &nbsp; &nbsp; &nbsp; &nbsp; &nbsp; &nbsp;2500-<\/strong><\/p>\n<p style=\"padding-left: 40px;\"><strong>P\u0159\u00edplatek za dal\u0161\u00ed osobu 250 K\u010d\/noc (maxim\u00e1ln\u00ed po\u010det je 6 osob v 1 apartm\u00e1nu v\u010detn\u011b d\u011bt\u00ed).<\/strong><\/p>\n<p style=\"padding-left: 40px;\"><strong>Ve vybran\u00fdch term\u00ednech po\u017eadujeme z\u00e1lohu ve v\u00fd\u0161i 50% z celkov\u00e9 ceny za pobyt. <\/strong><\/p>\n<p style=\"padding-left: 40px;\"><strong>P\u0159i zru\u0161en\u00ed rezervace dva dny a m\u00e9n\u011b p\u0159ed p\u0159\u00edjezdem V\u00e1m bude \u00fa\u010dtov\u00e1n stornopoplatek ve v\u00fd\u0161i 100% z celkov\u00e9 ceny pobytu.<\/strong><\/p>\n<p style=\"padding-left: 40px;\"><strong>Ubytov\u00e1n\u00ed pejsk\u016f pouze mal\u00fdch plemen 150 K\u010d\/noc.<\/strong><\/p>\n<\/div>\n<\/div><\/div><\/div><div id=\"pgc-92-4-1\"  class=\"panel-grid-cell\" ><div id=\"panel-92-4-1-0\" class=\"so-panel widget widget_sow-editor panel-first-child panel-last-child\" data-index=\"2\" ><div\n\t\t\t\n\t\t\tclass=\"so-widget-sow-editor so-widget-sow-editor-base\"\n\t\t\t\n\t\t>\n<div class=\"siteorigin-widget-tinymce textwidget\">\n\t<p>&nbsp;<\/p>\n<p style=\"padding-left: 40px;\"><strong>Cena ubytov\u00e1n\u00ed obsahuje pron\u00e1jem apartm\u00e1nu v\u010detn\u011b v\u0161ech energi\u00ed, lo\u017en\u00edho pr\u00e1dla, ru\u010dn\u00edk\u016f, ut\u011brek, myc\u00edho prost\u0159edku na n\u00e1dob\u00ed,<\/strong><strong>parkov\u00e1n\u00ed a m\u00edstn\u00edho poplatku za \u010dist\u00fd horsk\u00fd vzduch.<\/strong><\/p>\n<p style=\"padding-left: 40px;\"><strong>Wi-Fi \u2013 zdarma<\/strong><\/p>\n<p style=\"padding-left: 40px;\"><strong>Na p\u0159\u00e1n\u00ed V\u00e1m r\u00e1di p\u0159iprav\u00edme d\u011btskou post\u00fdlku a j\u00eddeln\u00ed \u017eidli\u010dku (pro d\u011bti do 3let) - 150 K\u010d\/pobyt<\/strong><\/p>\n<p style=\"padding-left: 40px;\"><strong>P\u0159\u00edjezd od 14 hodin, odjezd do 10 hodin<\/strong><\/p>\n<p style=\"padding-left: 40px;\">V m\u011bs\u00edc\u00edch&nbsp;<strong>leden, \u00fanor, b\u0159ezen, \u010dervenec, srpen, prosinec<\/strong>&nbsp;je minim\u00e1ln\u00ed doba ubytov\u00e1n\u00ed&nbsp;<strong>5 noc\u00ed<\/strong>. V ostatn\u00edch m\u011bs\u00edc\u00edch je minim\u00e1ln\u00ed doba ubytov\u00e1n\u00ed 2 noci.<\/p>\n<p style=\"padding-left: 40px;\"><strong>Pobyt lze hradit z FKSP.<\/strong><\/p>\n<\/div>\n<\/div><\/div><\/div><\/div><\/div>","protected":false},"excerpt":{"rendered":"<p>Cen\u00edk ubytov\u00e1n\u00ed pro rok 2026 &nbsp; Cena za apartm\u00e1n\/noc p\u0159i obsazenosti max. 4 osoby 2.1. &#8211; 31.3. ; 15.6. &#8211; 1.9.&nbsp; &nbsp; &nbsp; &nbsp; &nbsp;&hellip;<\/p>\n","protected":false},"author":1,"featured_media":0,"parent":0,"menu_order":0,"comment_status":"closed","ping_status":"closed","template":"","meta":{"ngg_post_thumbnail":0,"footnotes":""},"class_list":["post-92","page","type-page","status-publish","hentry"],"_links":{"self":[{"href":"https:\/\/www.podhorama.cz\/index.php\/wp-json\/wp\/v2\/pages\/92","targetHints":{"allow":["GET"]}}],"collection":[{"href":"https:\/\/www.podhorama.cz\/index.php\/wp-json\/wp\/v2\/pages"}],"about":[{"href":"https:\/\/www.podhorama.cz\/index.php\/wp-json\/wp\/v2\/types\/page"}],"author":[{"embeddable":true,"href":"https:\/\/www.podhorama.cz\/index.php\/wp-json\/wp\/v2\/users\/1"}],"replies":[{"embeddable":true,"href":"https:\/\/www.podhorama.cz\/index.php\/wp-json\/wp\/v2\/comments?post=92"}],"version-history":[{"count":81,"href":"https:\/\/www.podhorama.cz\/index.php\/wp-json\/wp\/v2\/pages\/92\/revisions"}],"predecessor-version":[{"id":29512,"href":"https:\/\/www.podhorama.cz\/index.php\/wp-json\/wp\/v2\/pages\/92\/revisions\/29512"}],"wp:attachment":[{"href":"https:\/\/www.podhorama.cz\/index.php\/wp-json\/wp\/v2\/media?parent=92"}],"curies":[{"name":"wp","href":"https:\/\/api.w.org\/{rel}","templated":true}]}}