{"id":515,"date":"2018-07-17T18:19:18","date_gmt":"2018-07-17T18:19:18","guid":{"rendered":"http:\/\/www.podhorama.cz\/?page_id=515"},"modified":"2019-01-12T19:08:03","modified_gmt":"2019-01-12T19:08:03","slug":"na-lyze","status":"publish","type":"page","link":"https:\/\/www.podhorama.cz\/index.php\/na-lyze\/","title":{"rendered":"Na ly\u017ee&#8230;"},"content":{"rendered":"<div id=\"pl-515\"  class=\"panel-layout\" ><div id=\"pg-515-0\"  class=\"panel-grid panel-no-style\" ><div id=\"pgc-515-0-0\"  class=\"panel-grid-cell\" ><div id=\"panel-515-0-0-0\" class=\"so-panel widget widget_sow-editor panel-first-child panel-last-child\" data-index=\"0\" ><div\n\t\t\t\n\t\t\tclass=\"so-widget-sow-editor so-widget-sow-editor-base\"\n\t\t\t\n\t\t>\n<div class=\"siteorigin-widget-tinymce textwidget\">\n\t<h4><strong>Skibus Imperial - \u010cer\u0165\u00e1k - Mal\u00e1 Mor\u00e1vka - Karlov a zp\u011bt<\/strong><\/h4>\n<\/div>\n<\/div><\/div><\/div><div id=\"pgc-515-0-1\"  class=\"panel-grid-cell\" ><div id=\"panel-515-0-1-0\" class=\"so-panel widget widget_sow-button panel-first-child panel-last-child\" data-index=\"1\" ><div\n\t\t\t\n\t\t\tclass=\"so-widget-sow-button so-widget-sow-button-atom-f54c0409268f-515\"\n\t\t\t\n\t\t><div class=\"ow-button-base ow-button-align-center\"\n>\n\t\t\t<a\n\t\t\t\t\thref=\"https:\/\/www.podhorama.cz\/wp-content\/uploads\/2019\/01\/jizdni-rad-ski-bus-V\u00e1clavov.pdf\"\n\t\t\t\t\tclass=\"sowb-button ow-icon-placement-left ow-button-hover\" target=\"_blank\" rel=\"noopener noreferrer\" \t>\n\t\t<span>\n\t\t\t\n\t\t\tJ\u00edzdn\u00ed \u0159\u00e1d SKIBUS\t\t<\/span>\n\t\t\t<\/a>\n\t<\/div>\n<\/div><\/div><\/div><\/div><div id=\"pg-515-1\"  class=\"panel-grid panel-no-style\" ><div id=\"pgc-515-1-0\"  class=\"panel-grid-cell\" ><div id=\"panel-515-1-0-0\" class=\"so-panel widget widget_sow-image panel-first-child\" data-index=\"2\" ><div\n\t\t\t\n\t\t\tclass=\"so-widget-sow-image so-widget-sow-image-default-a258e6bfa2d8-515\"\n\t\t\t\n\t\t><h3 class=\"widget-title\">Ski are\u00e1l \u010cer\u0165\u00e1k<\/h3>\n<div class=\"sow-image-container\">\n\t\t\t<a href=\"https:\/\/www.podhorama.cz\/index.php\/certak\/\"\n\t\t\t\t\t>\n\t\t\t<img \n\tsrc=\"https:\/\/www.podhorama.cz\/wp-content\/uploads\/2018\/07\/\u010der\u0165\u00e1k-1-272x182.jpg\" width=\"272\" height=\"182\" srcset=\"https:\/\/www.podhorama.cz\/wp-content\/uploads\/2018\/07\/\u010der\u0165\u00e1k-1-272x182.jpg 272w, https:\/\/www.podhorama.cz\/wp-content\/uploads\/2018\/07\/\u010der\u0165\u00e1k-1-768x511.jpg 768w, https:\/\/www.podhorama.cz\/wp-content\/uploads\/2018\/07\/\u010der\u0165\u00e1k-1.jpg 785w\" sizes=\"(max-width: 272px) 100vw, 272px\" title=\"Ski are\u00e1l \u010cer\u0165\u00e1k\" alt=\"\" \t\tclass=\"so-widget-image\"\/>\n\t\t\t<\/a><\/div>\n\n<\/div><\/div><div id=\"panel-515-1-0-1\" class=\"so-panel widget widget_text panel-last-child\" data-index=\"3\" >\t\t\t<div class=\"textwidget\"><p>vzd\u00e1lenost: 600m<\/p>\n<\/div>\n\t\t<\/div><\/div><div id=\"pgc-515-1-1\"  class=\"panel-grid-cell\" ><div id=\"panel-515-1-1-0\" class=\"so-panel widget widget_sow-image panel-first-child\" data-index=\"4\" ><div\n\t\t\t\n\t\t\tclass=\"so-widget-sow-image so-widget-sow-image-default-dbf295114b96-515\"\n\t\t\t\n\t\t><h3 class=\"widget-title\">Ski are\u00e1l Karlov<\/h3>\n<div class=\"sow-image-container\">\n\t\t\t<a href=\"https:\/\/www.podhorama.cz\/index.php\/karlov\/\"\n\t\t\t\t\t>\n\t\t\t<img \n\tsrc=\"https:\/\/www.podhorama.cz\/wp-content\/uploads\/2018\/07\/karlov-1024x576-272x182.jpg\" width=\"272\" height=\"182\" sizes=\"(max-width: 272px) 100vw, 272px\" title=\"Ski are\u00e1l Karlov\" alt=\"\" \t\tclass=\"so-widget-image\"\/>\n\t\t\t<\/a><\/div>\n\n<\/div><\/div><div id=\"panel-515-1-1-1\" class=\"so-panel widget widget_text panel-last-child\" data-index=\"5\" >\t\t\t<div class=\"textwidget\"><p>vzd\u00e1lenost: 8 km<\/p>\n<\/div>\n\t\t<\/div><\/div><div id=\"pgc-515-1-2\"  class=\"panel-grid-cell\" ><div id=\"panel-515-1-2-0\" class=\"so-panel widget widget_sow-image panel-first-child\" data-index=\"6\" ><div\n\t\t\t\n\t\t\tclass=\"so-widget-sow-image so-widget-sow-image-default-dbf295114b96-515\"\n\t\t\t\n\t\t><h3 class=\"widget-title\">Ski are\u00e1l Kop\u0159ivn\u00e1<\/h3>\n<div class=\"sow-image-container\">\n\t\t\t<a href=\"https:\/\/www.podhorama.cz\/index.php\/koprivna\/\"\n\t\t\t\t\t>\n\t\t\t<img \n\tsrc=\"https:\/\/www.podhorama.cz\/wp-content\/uploads\/2018\/07\/kop\u0159ivn\u00e1-768x445-272x182.jpg\" width=\"272\" height=\"182\" sizes=\"(max-width: 272px) 100vw, 272px\" title=\"Ski are\u00e1l Kop\u0159ivn\u00e1\" alt=\"\" \t\tclass=\"so-widget-image\"\/>\n\t\t\t<\/a><\/div>\n\n<\/div><\/div><div id=\"panel-515-1-2-1\" class=\"so-panel widget widget_text panel-last-child\" data-index=\"7\" >\t\t\t<div class=\"textwidget\"><p>vzd\u00e1lenost: 9 km<\/p>\n<\/div>\n\t\t<\/div><\/div><div id=\"pgc-515-1-3\"  class=\"panel-grid-cell\" ><div id=\"panel-515-1-3-0\" class=\"so-panel widget widget_sow-image panel-first-child\" data-index=\"8\" ><div\n\t\t\t\n\t\t\tclass=\"so-widget-sow-image so-widget-sow-image-default-dbf295114b96-515\"\n\t\t\t\n\t\t><h3 class=\"widget-title\">Ski are\u00e1l Prad\u011bd<\/h3>\n<div class=\"sow-image-container\">\n\t\t\t<a href=\"https:\/\/www.podhorama.cz\/index.php\/praded-ovcarna\/\"\n\t\t\t\t\t>\n\t\t\t<img \n\tsrc=\"https:\/\/www.podhorama.cz\/wp-content\/uploads\/2018\/07\/prad\u011bd-are\u00e1l-1024x753-272x182.jpg\" width=\"272\" height=\"182\" sizes=\"(max-width: 272px) 100vw, 272px\" title=\"Ski are\u00e1l Prad\u011bd\" alt=\"\" \t\tclass=\"so-widget-image\"\/>\n\t\t\t<\/a><\/div>\n\n<\/div><\/div><div id=\"panel-515-1-3-1\" class=\"so-panel widget widget_text panel-last-child\" data-index=\"9\" >\t\t\t<div class=\"textwidget\"><p>vzd\u00e1lenost: 18 km<\/p>\n<\/div>\n\t\t<\/div><\/div><\/div><div id=\"pg-515-2\"  class=\"panel-grid panel-no-style\" ><div id=\"pgc-515-2-0\"  class=\"panel-grid-cell\" ><div id=\"panel-515-2-0-0\" class=\"so-panel widget widget_sow-editor panel-first-child panel-last-child\" data-index=\"10\" ><div\n\t\t\t\n\t\t\tclass=\"so-widget-sow-editor so-widget-sow-editor-base\"\n\t\t\t\n\t\t>\n<div class=\"siteorigin-widget-tinymce textwidget\">\n\t<h4><strong>B\u00edlou stopou...<\/strong><\/h4>\n<\/div>\n<\/div><\/div><\/div><div id=\"pgc-515-2-1\"  class=\"panel-grid-cell\" ><div id=\"panel-515-2-1-0\" class=\"so-panel widget widget_sow-button panel-first-child panel-last-child\" data-index=\"11\" ><div\n\t\t\t\n\t\t\tclass=\"so-widget-sow-button so-widget-sow-button-atom-f54c0409268f-515\"\n\t\t\t\n\t\t><div class=\"ow-button-base ow-button-align-center\"\n>\n\t\t\t<a\n\t\t\t\t\thref=\"https:\/\/www.podhorama.cz\/wp-content\/uploads\/2018\/12\/mapa-bezeckych-tras.pdf\"\n\t\t\t\t\tclass=\"sowb-button ow-icon-placement-left ow-button-hover\" target=\"_blank\" rel=\"noopener noreferrer\" \t>\n\t\t<span>\n\t\t\t\n\t\t\tmapa b\u011b\u017eeck\u00fdch tras\t\t<\/span>\n\t\t\t<\/a>\n\t<\/div>\n<\/div><\/div><\/div><\/div><div id=\"pg-515-3\"  class=\"panel-grid panel-no-style\" ><div id=\"pgc-515-3-0\"  class=\"panel-grid-cell\" ><div id=\"panel-515-3-0-0\" class=\"so-panel widget widget_sow-image panel-first-child\" data-index=\"12\" ><div\n\t\t\t\n\t\t\tclass=\"so-widget-sow-image so-widget-sow-image-default-dbf295114b96-515\"\n\t\t\t\n\t\t><h3 class=\"widget-title\">B\u011b\u017eka\u0159sk\u00e9 trasy Nov\u00e1 Ves u R\u00fdma\u0159ova<\/h3>\n<div class=\"sow-image-container\">\n\t\t\t<a href=\"https:\/\/www.podhorama.cz\/index.php\/bezkarske-trasy-nova-ves-u-rymarova\/\"\n\t\t\t\t\t>\n\t\t\t<img \n\tsrc=\"https:\/\/www.podhorama.cz\/wp-content\/uploads\/2018\/07\/b\u011b\u017eky-272x182.jpg\" width=\"272\" height=\"182\" srcset=\"https:\/\/www.podhorama.cz\/wp-content\/uploads\/2018\/07\/b\u011b\u017eky-272x182.jpg 272w, https:\/\/www.podhorama.cz\/wp-content\/uploads\/2018\/07\/b\u011b\u017eky-300x200.jpg 300w, https:\/\/www.podhorama.cz\/wp-content\/uploads\/2018\/07\/b\u011b\u017eky.jpg 450w\" sizes=\"(max-width: 272px) 100vw, 272px\" title=\"B\u011b\u017eka\u0159sk\u00e9 trasy Nov\u00e1 Ves u R\u00fdma\u0159ova\" alt=\"\" \t\tclass=\"so-widget-image\"\/>\n\t\t\t<\/a><\/div>\n\n<\/div><\/div><div id=\"panel-515-3-0-1\" class=\"so-panel widget widget_text panel-last-child\" data-index=\"13\" >\t\t\t<div class=\"textwidget\"><\/div>\n\t\t<\/div><\/div><div id=\"pgc-515-3-1\"  class=\"panel-grid-cell\" ><div id=\"panel-515-3-1-0\" class=\"so-panel widget widget_sow-image panel-first-child\" data-index=\"14\" ><div\n\t\t\t\n\t\t\tclass=\"so-widget-sow-image so-widget-sow-image-default-dbf295114b96-515\"\n\t\t\t\n\t\t><h3 class=\"widget-title\">Jesenick\u00e1 magistr\u00e1la<\/h3>\n<div class=\"sow-image-container\">\n\t\t\t<a href=\"https:\/\/www.podhorama.cz\/index.php\/jesenicka-magistrala\/\"\n\t\t\t\t\t>\n\t\t\t<img \n\tsrc=\"https:\/\/www.podhorama.cz\/wp-content\/uploads\/2018\/07\/magistr\u00e1la-mapa-n\u00e1stup-v\u00e1clavov-1024x482-272x182.png\" width=\"272\" height=\"182\" sizes=\"(max-width: 272px) 100vw, 272px\" title=\"Jesenick\u00e1 magistr\u00e1la\" alt=\"\" \t\tclass=\"so-widget-image\"\/>\n\t\t\t<\/a><\/div>\n\n<\/div><\/div><div id=\"panel-515-3-1-1\" class=\"so-panel widget widget_text panel-last-child\" data-index=\"15\" >\t\t\t<div class=\"textwidget\"><\/div>\n\t\t<\/div><\/div><div id=\"pgc-515-3-2\"  class=\"panel-grid-cell\" ><div id=\"panel-515-3-2-0\" class=\"so-panel widget widget_sow-image panel-first-child\" data-index=\"16\" ><div\n\t\t\t\n\t\t\tclass=\"so-widget-sow-image so-widget-sow-image-default-dbf295114b96-515\"\n\t\t\t\n\t\t><h3 class=\"widget-title\">B\u011b\u017eeck\u00fd are\u00e1l Sk\u0159\u00edtek<\/h3>\n<div class=\"sow-image-container\">\n\t\t\t<a href=\"https:\/\/www.podhorama.cz\/index.php\/bezecky-areal-skritek\/\"\n\t\t\t\t\t>\n\t\t\t<img \n\tsrc=\"https:\/\/www.podhorama.cz\/wp-content\/uploads\/2018\/07\/B\u011b\u017eeck\u00e1-stopa-272x182.jpg\" width=\"272\" height=\"182\" sizes=\"(max-width: 272px) 100vw, 272px\" title=\"B\u011b\u017eeck\u00fd are\u00e1l Sk\u0159\u00edtek\" alt=\"\" \t\tclass=\"so-widget-image\"\/>\n\t\t\t<\/a><\/div>\n\n<\/div><\/div><div id=\"panel-515-3-2-1\" class=\"so-panel widget widget_text panel-last-child\" data-index=\"17\" >\t\t\t<div class=\"textwidget\"><\/div>\n\t\t<\/div><\/div><div id=\"pgc-515-3-3\"  class=\"panel-grid-cell\" ><div id=\"panel-515-3-3-0\" class=\"so-panel widget widget_sow-image panel-first-child\" data-index=\"18\" ><div\n\t\t\t\n\t\t\tclass=\"so-widget-sow-image so-widget-sow-image-default-dbf295114b96-515\"\n\t\t\t\n\t\t><h3 class=\"widget-title\">B\u011b\u017eky \u010cervenohorsk\u00e9 sedlo - Ov\u010d\u00e1rna<\/h3>\n<div class=\"sow-image-container\">\n\t\t\t<a href=\"https:\/\/www.podhorama.cz\/index.php\/bezky-cervenohorske-sedlo-ovcarna\/\"\n\t\t\t\t\t>\n\t\t\t<img \n\tsrc=\"https:\/\/www.podhorama.cz\/wp-content\/uploads\/2018\/07\/winter-2285329_1920-272x182.jpg\" width=\"272\" height=\"182\" sizes=\"(max-width: 272px) 100vw, 272px\" title=\"B\u011b\u017eky \u010cervenohorsk\u00e9 sedlo - Ov\u010d\u00e1rna\" alt=\"\" \t\tclass=\"so-widget-image\"\/>\n\t\t\t<\/a><\/div>\n\n<\/div><\/div><div id=\"panel-515-3-3-1\" class=\"so-panel widget widget_text panel-last-child\" data-index=\"19\" >\t\t\t<div class=\"textwidget\"><\/div>\n\t\t<\/div><\/div><\/div><div id=\"pg-515-4\"  class=\"panel-grid panel-no-style\" ><div id=\"pgc-515-4-0\"  class=\"panel-grid-cell\" ><div id=\"panel-515-4-0-0\" class=\"so-panel widget widget_sow-image panel-first-child\" data-index=\"20\" ><div\n\t\t\t\n\t\t\tclass=\"so-widget-sow-image so-widget-sow-image-default-dbf295114b96-515\"\n\t\t\t\n\t\t><h3 class=\"widget-title\">B\u011b\u017eky Ov\u010d\u00e1rna \u2013 Kouty nad Desnou<\/h3>\n<div class=\"sow-image-container\">\n\t\t\t<a href=\"https:\/\/www.podhorama.cz\/index.php\/bezky-ovcarna-kouty-nad-desnou\/\"\n\t\t\t\t\t>\n\t\t\t<img \n\tsrc=\"https:\/\/www.podhorama.cz\/wp-content\/uploads\/2018\/07\/rozcestn\u00edk-1-1-272x182.jpg\" width=\"272\" height=\"182\" sizes=\"(max-width: 272px) 100vw, 272px\" title=\"B\u011b\u017eky Ov\u010d\u00e1rna \u2013 Kouty nad Desnou\" alt=\"\" \t\tclass=\"so-widget-image\"\/>\n\t\t\t<\/a><\/div>\n\n<\/div><\/div><div id=\"panel-515-4-0-1\" class=\"so-panel widget widget_text panel-last-child\" data-index=\"21\" >\t\t\t<div class=\"textwidget\"><\/div>\n\t\t<\/div><\/div><div id=\"pgc-515-4-1\"  class=\"panel-grid-cell\" ><div id=\"panel-515-4-1-0\" class=\"so-panel widget widget_sow-image panel-first-child\" data-index=\"22\" ><div\n\t\t\t\n\t\t\tclass=\"so-widget-sow-image so-widget-sow-image-default-dbf295114b96-515\"\n\t\t\t\n\t\t><h3 class=\"widget-title\">B. trasy M. Mor\u00e1vka a Karlov p. Prad\u011bdem<\/h3>\n<div class=\"sow-image-container\">\n\t\t\t<a href=\"https:\/\/www.podhorama.cz\/index.php\/bezecke-trasy-m-moravka-a-karlov-p-pradedem\/\"\n\t\t\t\t\t>\n\t\t\t<img \n\tsrc=\"https:\/\/www.podhorama.cz\/wp-content\/uploads\/2018\/07\/mala-moravka-karlov3-272x182.jpg\" width=\"272\" height=\"182\" sizes=\"(max-width: 272px) 100vw, 272px\" title=\"B. trasy M. Mor\u00e1vka a Karlov p. Prad\u011bdem\" alt=\"\" \t\tclass=\"so-widget-image\"\/>\n\t\t\t<\/a><\/div>\n\n<\/div><\/div><div id=\"panel-515-4-1-1\" class=\"so-panel widget widget_text panel-last-child\" data-index=\"23\" >\t\t\t<div class=\"textwidget\"><\/div>\n\t\t<\/div><\/div><div id=\"pgc-515-4-2\"  class=\"panel-grid-cell\" ><div id=\"panel-515-4-2-0\" class=\"so-panel widget widget_sow-image panel-first-child\" data-index=\"24\" ><div\n\t\t\t\n\t\t\tclass=\"so-widget-sow-image so-widget-sow-image-default-dbf295114b96-515\"\n\t\t\t\n\t\t><h3 class=\"widget-title\">B\u011b\u017eeck\u00e1 tra\u0165 Ov\u010d\u00e1rna \u2013 Prad\u011bd \u2013 \u0160v\u00fdc\u00e1rna<\/h3>\n<div class=\"sow-image-container\">\n\t\t\t<a href=\"https:\/\/www.podhorama.cz\/index.php\/lyzarska-bezecka-trat-ovcarna-praded-svycarna\/\"\n\t\t\t\t\t>\n\t\t\t<img \n\tsrc=\"https:\/\/www.podhorama.cz\/wp-content\/uploads\/2018\/07\/\u0161v\u00fdc\u00e1rna-rozcestn\u00edk-zima-1-272x182.jpg\" width=\"272\" height=\"182\" sizes=\"(max-width: 272px) 100vw, 272px\" title=\"B\u011b\u017eeck\u00e1 tra\u0165 Ov\u010d\u00e1rna \u2013 Prad\u011bd \u2013 \u0160v\u00fdc\u00e1rna\" alt=\"\" \t\tclass=\"so-widget-image\"\/>\n\t\t\t<\/a><\/div>\n\n<\/div><\/div><div id=\"panel-515-4-2-1\" class=\"so-panel widget widget_text panel-last-child\" data-index=\"25\" >\t\t\t<div class=\"textwidget\"><\/div>\n\t\t<\/div><\/div><div id=\"pgc-515-4-3\"  class=\"panel-grid-cell\" ><div id=\"panel-515-4-3-0\" class=\"so-panel widget widget_sow-image panel-first-child\" data-index=\"26\" ><div\n\t\t\t\n\t\t\tclass=\"so-widget-sow-image so-widget-sow-image-default-dbf295114b96-515\"\n\t\t\t\n\t\t><h3 class=\"widget-title\">B\u011b\u017eeck\u00e9 trat\u011b Uhl\u00ed\u0159sk\u00fd vrch<\/h3>\n<div class=\"sow-image-container\">\n\t\t\t<a href=\"https:\/\/www.podhorama.cz\/index.php\/bezky-cervenohorske-sedlo-ovcarna\/\"\n\t\t\t\t\t>\n\t\t\t<img \n\tsrc=\"https:\/\/www.podhorama.cz\/wp-content\/uploads\/2018\/07\/uhl\u00ed\u0159-zima2-272x182.jpg\" width=\"272\" height=\"182\" sizes=\"(max-width: 272px) 100vw, 272px\" title=\"B\u011b\u017eeck\u00e9 trat\u011b Uhl\u00ed\u0159sk\u00fd vrch\" alt=\"\" \t\tclass=\"so-widget-image\"\/>\n\t\t\t<\/a><\/div>\n\n<\/div><\/div><div id=\"panel-515-4-3-1\" class=\"so-panel widget widget_text panel-last-child\" data-index=\"27\" >\t\t\t<div class=\"textwidget\"><\/div>\n\t\t<\/div><\/div><\/div><\/div>","protected":false},"excerpt":{"rendered":"<p>Skibus Imperial &#8211; \u010cer\u0165\u00e1k &#8211; Mal\u00e1 Mor\u00e1vka &#8211; Karlov a zp\u011bt vzd\u00e1lenost: 600m vzd\u00e1lenost: 8 km vzd\u00e1lenost: 9 km vzd\u00e1lenost: 18 km<\/p>\n","protected":false},"author":1,"featured_media":0,"parent":0,"menu_order":0,"comment_status":"closed","ping_status":"closed","template":"","meta":{"ngg_post_thumbnail":0,"footnotes":""},"class_list":["post-515","page","type-page","status-publish","hentry"],"_links":{"self":[{"href":"https:\/\/www.podhorama.cz\/index.php\/wp-json\/wp\/v2\/pages\/515","targetHints":{"allow":["GET"]}}],"collection":[{"href":"https:\/\/www.podhorama.cz\/index.php\/wp-json\/wp\/v2\/pages"}],"about":[{"href":"https:\/\/www.podhorama.cz\/index.php\/wp-json\/wp\/v2\/types\/page"}],"author":[{"embeddable":true,"href":"https:\/\/www.podhorama.cz\/index.php\/wp-json\/wp\/v2\/users\/1"}],"replies":[{"embeddable":true,"href":"https:\/\/www.podhorama.cz\/index.php\/wp-json\/wp\/v2\/comments?post=515"}],"version-history":[{"count":47,"href":"https:\/\/www.podhorama.cz\/index.php\/wp-json\/wp\/v2\/pages\/515\/revisions"}],"predecessor-version":[{"id":1318,"href":"https:\/\/www.podhorama.cz\/index.php\/wp-json\/wp\/v2\/pages\/515\/revisions\/1318"}],"wp:attachment":[{"href":"https:\/\/www.podhorama.cz\/index.php\/wp-json\/wp\/v2\/media?parent=515"}],"curies":[{"name":"wp","href":"https:\/\/api.w.org\/{rel}","templated":true}]}}