{"id":358,"date":"2018-07-13T07:57:27","date_gmt":"2018-07-13T07:57:27","guid":{"rendered":"http:\/\/www.podhorama.cz\/?page_id=358"},"modified":"2018-07-13T07:57:27","modified_gmt":"2018-07-13T07:57:27","slug":"venusina-sopka-655-m","status":"publish","type":"page","link":"https:\/\/www.podhorama.cz\/index.php\/venusina-sopka-655-m\/","title":{"rendered":"Venu\u0161ina sopka (655 m)"},"content":{"rendered":"<div id=\"pl-358\"  class=\"panel-layout\" ><div id=\"pg-358-0\"  class=\"panel-grid panel-no-style\" ><div id=\"pgc-358-0-0\"  class=\"panel-grid-cell\" ><div id=\"panel-358-0-0-0\" class=\"so-panel widget widget_sow-image panel-first-child\" data-index=\"0\" ><div\n\t\t\t\n\t\t\tclass=\"so-widget-sow-image so-widget-sow-image-default-dbf295114b96-358\"\n\t\t\t\n\t\t>\n<div class=\"sow-image-container\">\n\t\t<img \n\tsrc=\"https:\/\/www.podhorama.cz\/wp-content\/uploads\/2018\/07\/sopouch-venu\u0161iny.jpg\" width=\"600\" height=\"450\" srcset=\"https:\/\/www.podhorama.cz\/wp-content\/uploads\/2018\/07\/sopouch-venu\u0161iny.jpg 600w, https:\/\/www.podhorama.cz\/wp-content\/uploads\/2018\/07\/sopouch-venu\u0161iny-300x225.jpg 300w\" sizes=\"(max-width: 600px) 100vw, 600px\" alt=\"\" \t\tclass=\"so-widget-image\"\/>\n\t<\/div>\n\n<\/div><\/div><div id=\"panel-358-0-0-1\" class=\"so-panel widget widget_sow-editor panel-last-child\" data-index=\"1\" ><div\n\t\t\t\n\t\t\tclass=\"so-widget-sow-editor so-widget-sow-editor-base\"\n\t\t\t\n\t\t>\n<div class=\"siteorigin-widget-tinymce textwidget\">\n\t<p><iframe loading=\"lazy\" src=\"https:\/\/api.mapy.cz\/frame?params=%7B%22x%22%3A17.482119198235353%2C%22y%22%3A49.95505074976848%2C%22base%22%3A%222%22%2C%22layers%22%3A%5B7%5D%2C%22zoom%22%3A14%2C%22url%22%3A%22https%3A%2F%2Fmapy.cz%2Fs%2F2pYKq%22%2C%22mark%22%3A%7B%22x%22%3A%2217.4779134945%22%2C%22y%22%3A%2249.950798432%22%2C%22title%22%3A%22Venu%C5%A1ina%20sopka%22%7D%2C%22overview%22%3Afalse%7D&amp;width=400&amp;height=280&amp;lang=cs\" width=\"400\" height=\"280\" style=\"border:none\" frameBorder=\"0\"><\/iframe><\/p>\n<\/div>\n<\/div><\/div><\/div><div id=\"pgc-358-0-1\"  class=\"panel-grid-cell\" ><div id=\"panel-358-0-1-0\" class=\"so-panel widget widget_text panel-first-child panel-last-child\" data-index=\"2\" >\t\t\t<div class=\"textwidget\"><p>Venu\u0161ina sopka je od sv\u00e9ho souseda &#8211; Uhl\u00ed\u0159sk\u00e9ho vrchu vzd\u00e1lena jen asi t\u0159i kilometry. Dal\u0161\u00ed ze stratovulk\u00e1nu N\u00edzk\u00e9ho Jesen\u00edku, kter\u00fd se ty\u010d\u00ed nad obc\u00ed Mezina.<br \/>\nVrchol Venu\u0161iny sopky je velice ploch\u00fd a zalesn\u011bn\u00fd, vede sem z obce asi p\u016fl kilometru dlouh\u00e1 v\u00fdznamov\u00e1 odbo\u010dka.<br \/>\nZ v\u00fdchodn\u00edho \u00fabo\u010d\u00ed se otev\u00edraj\u00ed p\u011bkn\u00e9 pohledy na v\u00fdrazn\u00fd vrchol Velk\u00e9ho Roudn\u00e9ho. Na jej\u00edm za\u010d\u00e1tku (u informa\u010dn\u00ed tabule) rozl\u00e9v\u00e1 sv\u016fj, ve slune\u010dn\u00edm \u017e\u00e1ru blahod\u00e1rn\u00fd st\u00edn, mohutn\u00e1 l\u00edpa u Kohout\u016f.<br \/>\nNa svaz\u00edch Venu\u0161iny sopky jsou rozlehl\u00e9 pastviny, samotn\u00fd vrchol nen\u00ed ozna\u010den a rozhledy neposkytuje.<br \/>\nZaj\u00edmavost\u00ed je vypreparovan\u00fd sopouch severn\u011b od nejvy\u0161\u0161\u00ed k\u00f3ty, kde si lze dob\u0159e prohl\u00e9dnout jednotliv\u00e9 vrstvy ulo\u017een\u00fdch popel\u016f a l\u00e1v tohoto stratovulk\u00e1nu. Na samotn\u00e9m vrcholu vystupuj\u00ed rezav\u011b zbarven\u00e9 strusky a sope\u010dn\u00fd popel.<\/p>\n<\/div>\n\t\t<\/div><\/div><\/div><\/div>","protected":false},"excerpt":{"rendered":"<p>Venu\u0161ina sopka je od sv\u00e9ho souseda &#8211; Uhl\u00ed\u0159sk\u00e9ho vrchu vzd\u00e1lena jen asi t\u0159i kilometry. Dal\u0161\u00ed ze stratovulk\u00e1nu N\u00edzk\u00e9ho Jesen\u00edku, kter\u00fd se ty\u010d\u00ed nad obc\u00ed Mezina.&hellip;<\/p>\n","protected":false},"author":1,"featured_media":0,"parent":0,"menu_order":0,"comment_status":"closed","ping_status":"closed","template":"","meta":{"ngg_post_thumbnail":0,"footnotes":""},"class_list":["post-358","page","type-page","status-publish","hentry"],"_links":{"self":[{"href":"https:\/\/www.podhorama.cz\/index.php\/wp-json\/wp\/v2\/pages\/358","targetHints":{"allow":["GET"]}}],"collection":[{"href":"https:\/\/www.podhorama.cz\/index.php\/wp-json\/wp\/v2\/pages"}],"about":[{"href":"https:\/\/www.podhorama.cz\/index.php\/wp-json\/wp\/v2\/types\/page"}],"author":[{"embeddable":true,"href":"https:\/\/www.podhorama.cz\/index.php\/wp-json\/wp\/v2\/users\/1"}],"replies":[{"embeddable":true,"href":"https:\/\/www.podhorama.cz\/index.php\/wp-json\/wp\/v2\/comments?post=358"}],"version-history":[{"count":3,"href":"https:\/\/www.podhorama.cz\/index.php\/wp-json\/wp\/v2\/pages\/358\/revisions"}],"predecessor-version":[{"id":361,"href":"https:\/\/www.podhorama.cz\/index.php\/wp-json\/wp\/v2\/pages\/358\/revisions\/361"}],"wp:attachment":[{"href":"https:\/\/www.podhorama.cz\/index.php\/wp-json\/wp\/v2\/media?parent=358"}],"curies":[{"name":"wp","href":"https:\/\/api.w.org\/{rel}","templated":true}]}}