{"id":185,"date":"2018-07-11T21:45:09","date_gmt":"2018-07-11T21:45:09","guid":{"rendered":"http:\/\/www.podhorama.cz\/?page_id=185"},"modified":"2018-07-18T13:09:38","modified_gmt":"2018-07-18T13:09:38","slug":"jeskyne-na-pomezi","status":"publish","type":"page","link":"https:\/\/www.podhorama.cz\/index.php\/jeskyne-na-pomezi\/","title":{"rendered":"Jeskyn\u011b Na Pomez\u00ed"},"content":{"rendered":"<div id=\"pl-185\"  class=\"panel-layout\" ><div id=\"pg-185-0\"  class=\"panel-grid panel-no-style\" ><div id=\"pgc-185-0-0\"  class=\"panel-grid-cell\" ><div id=\"panel-185-0-0-0\" class=\"so-panel widget widget_sow-image panel-first-child\" data-index=\"0\" ><div\n\t\t\t\n\t\t\tclass=\"so-widget-sow-image so-widget-sow-image-default-dbf295114b96-185\"\n\t\t\t\n\t\t>\n<div class=\"sow-image-container\">\n\t\t<img \n\tsrc=\"https:\/\/www.podhorama.cz\/wp-content\/uploads\/2018\/07\/jeskyn\u011b-na-pomez\u00ed.jpg\" width=\"275\" height=\"183\" srcset=\"https:\/\/www.podhorama.cz\/wp-content\/uploads\/2018\/07\/jeskyn\u011b-na-pomez\u00ed.jpg 275w, https:\/\/www.podhorama.cz\/wp-content\/uploads\/2018\/07\/jeskyn\u011b-na-pomez\u00ed-272x182.jpg 272w\" sizes=\"(max-width: 275px) 100vw, 275px\" alt=\"\" \t\tclass=\"so-widget-image\"\/>\n\t<\/div>\n\n<\/div><\/div><div id=\"panel-185-0-0-1\" class=\"so-panel widget widget_sow-editor panel-last-child\" data-index=\"1\" ><div\n\t\t\t\n\t\t\tclass=\"so-widget-sow-editor so-widget-sow-editor-base\"\n\t\t\t\n\t\t>\n<div class=\"siteorigin-widget-tinymce textwidget\">\n\t<p><iframe loading=\"lazy\" src=\"https:\/\/api.mapy.cz\/frame?params=%7B%22x%22%3A17.1383061712%2C%22y%22%3A50.2457995605%2C%22base%22%3A%222%22%2C%22layers%22%3A%5B7%5D%2C%22zoom%22%3A14%2C%22url%22%3A%22https%3A%2F%2Fmapy.cz%2Fs%2F2q7pK%22%2C%22mark%22%3A%7B%22x%22%3A%2217.1383061712%22%2C%22y%22%3A%2250.2457995605%22%2C%22title%22%3A%22Jeskyn%C4%9B%20Na%20Pomez%C3%AD%22%7D%2C%22overview%22%3Afalse%7D&amp;width=400&amp;height=280&amp;lang=cs\" width=\"400\" height=\"280\" style=\"border:none\" frameBorder=\"0\"><\/iframe><\/p>\n<\/div>\n<\/div><\/div><\/div><div id=\"pgc-185-0-1\"  class=\"panel-grid-cell\" ><div id=\"panel-185-0-1-0\" class=\"so-panel widget widget_sow-editor panel-first-child\" data-index=\"2\" ><div\n\t\t\t\n\t\t\tclass=\"so-widget-sow-editor so-widget-sow-editor-base\"\n\t\t\t\n\t\t>\n<div class=\"siteorigin-widget-tinymce textwidget\">\n\t<p>Jeskyn\u011b Na Pomez\u00ed jsou nejv\u011bt\u0161\u00edm zp\u0159\u00edstupn\u011bn\u00fdm jeskynn\u00edm syst\u00e9mem v \u010cesk\u00e9 republice vznikl\u00fdm rozpou\u0161t\u011bn\u00edm mramoru, tj. krystalick\u00e9ho v\u00e1pence. Vyzna\u010duj\u00ed se \u00fazk\u00fdmi, m\u00edsty vysok\u00fdmi chodbami, kter\u00e9 se v m\u00edstech k\u0159\u00ed\u017een\u00ed roz\u0161i\u0159uj\u00ed v men\u0161\u00ed d\u00f3my. Pro tyto jeskyn\u011b jsou typick\u00e9 n\u00e1tekov\u00e9 \u00fatvary vytv\u00e1\u0159ej\u00edc\u00ed kask\u00e1dy a mohutn\u00e9 \u010dlenit\u00e9 kr\u00e1pn\u00edky.<\/p>\n<p>Celkov\u00e1 d\u00e9lka jeskynn\u00edho syst\u00e9mu je asi 1700 metr\u016f, d\u00e9lka turistick\u00e9 trasy \u010din\u00ed 390 m s dobou prohl\u00eddky 45 minut. Pr\u016fm\u011brn\u00e1 teplota v jeskyn\u00edch je 7,7\u00b0C, vlhkost ovzdu\u0161\u00ed 99 %. Od roku 1958 jsou jeskyn\u011b a jejich okol\u00ed za\u0159azeny mezi chr\u00e1n\u011bn\u00e1 \u00fazem\u00ed (dnes n\u00e1rodn\u00ed p\u0159\u00edrodn\u00ed pam\u00e1tka). <\/p>\n<\/div>\n<\/div><\/div><div id=\"panel-185-0-1-1\" class=\"so-panel widget widget_sow-editor panel-last-child\" data-index=\"3\" ><div\n\t\t\t\n\t\t\tclass=\"so-widget-sow-editor so-widget-sow-editor-base\"\n\t\t\t\n\t\t>\n<div class=\"siteorigin-widget-tinymce textwidget\">\n\t<p><span style=\"color: #00ccff;\"><a style=\"color: #00ccff;\" href=\"http:\/\/www.jeskynecr.cz\/cz\/jeskyne\/jeskyne-na-pomezi\/\" target=\"_blank\" rel=\"noopener noreferrer\">v\u00edce info zde ...<\/a><\/span><\/p>\n<\/div>\n<\/div><\/div><\/div><\/div><\/div>","protected":false},"excerpt":{"rendered":"<p>Jeskyn\u011b Na Pomez\u00ed jsou nejv\u011bt\u0161\u00edm zp\u0159\u00edstupn\u011bn\u00fdm jeskynn\u00edm syst\u00e9mem v \u010cesk\u00e9 republice vznikl\u00fdm rozpou\u0161t\u011bn\u00edm mramoru, tj. krystalick\u00e9ho v\u00e1pence. Vyzna\u010duj\u00ed se \u00fazk\u00fdmi, m\u00edsty vysok\u00fdmi chodbami, kter\u00e9 se&hellip;<\/p>\n","protected":false},"author":1,"featured_media":0,"parent":0,"menu_order":0,"comment_status":"closed","ping_status":"closed","template":"","meta":{"ngg_post_thumbnail":0,"footnotes":""},"class_list":["post-185","page","type-page","status-publish","hentry"],"_links":{"self":[{"href":"https:\/\/www.podhorama.cz\/index.php\/wp-json\/wp\/v2\/pages\/185","targetHints":{"allow":["GET"]}}],"collection":[{"href":"https:\/\/www.podhorama.cz\/index.php\/wp-json\/wp\/v2\/pages"}],"about":[{"href":"https:\/\/www.podhorama.cz\/index.php\/wp-json\/wp\/v2\/types\/page"}],"author":[{"embeddable":true,"href":"https:\/\/www.podhorama.cz\/index.php\/wp-json\/wp\/v2\/users\/1"}],"replies":[{"embeddable":true,"href":"https:\/\/www.podhorama.cz\/index.php\/wp-json\/wp\/v2\/comments?post=185"}],"version-history":[{"count":5,"href":"https:\/\/www.podhorama.cz\/index.php\/wp-json\/wp\/v2\/pages\/185\/revisions"}],"predecessor-version":[{"id":598,"href":"https:\/\/www.podhorama.cz\/index.php\/wp-json\/wp\/v2\/pages\/185\/revisions\/598"}],"wp:attachment":[{"href":"https:\/\/www.podhorama.cz\/index.php\/wp-json\/wp\/v2\/media?parent=185"}],"curies":[{"name":"wp","href":"https:\/\/api.w.org\/{rel}","templated":true}]}}