{"id":146,"date":"2018-07-11T20:59:37","date_gmt":"2018-07-11T20:59:37","guid":{"rendered":"http:\/\/www.podhorama.cz\/?page_id=146"},"modified":"2018-07-11T20:59:37","modified_gmt":"2018-07-11T20:59:37","slug":"bezkarske-trasy-nova-ves-u-rymarova","status":"publish","type":"page","link":"https:\/\/www.podhorama.cz\/index.php\/bezkarske-trasy-nova-ves-u-rymarova\/","title":{"rendered":"B\u011b\u017eka\u0159sk\u00e9 trasy Nov\u00e1 Ves u R\u00fdma\u0159ova"},"content":{"rendered":"<div id=\"pl-146\"  class=\"panel-layout\" ><div id=\"pg-146-0\"  class=\"panel-grid panel-no-style\" ><div id=\"pgc-146-0-0\"  class=\"panel-grid-cell\" ><div id=\"panel-146-0-0-0\" class=\"so-panel widget widget_sow-image panel-first-child\" data-index=\"0\" ><div\n\t\t\t\n\t\t\tclass=\"so-widget-sow-image so-widget-sow-image-default-8b5b6f678277-146\"\n\t\t\t\n\t\t>\n<div class=\"sow-image-container\">\n\t\t<img \n\tsrc=\"https:\/\/www.podhorama.cz\/wp-content\/uploads\/2018\/07\/Sn\u00edmek-330-e1532000530740.jpg\" width=\"800\" height=\"533\" sizes=\"(max-width: 800px) 100vw, 800px\" alt=\"\" \t\tclass=\"so-widget-image\"\/>\n\t<\/div>\n\n<\/div><\/div><div id=\"panel-146-0-0-1\" class=\"so-panel widget widget_sow-editor panel-last-child\" data-index=\"1\" ><div\n\t\t\t\n\t\t\tclass=\"so-widget-sow-editor so-widget-sow-editor-base\"\n\t\t\t\n\t\t>\n<div class=\"siteorigin-widget-tinymce textwidget\">\n\t<p><iframe loading=\"lazy\" src=\"https:\/\/www.google.com\/maps\/embed?pb=!1m18!1m12!1m3!1d34504.69055820681!2d17.26953285231773!3d50.00054948308481!2m3!1f0!2f0!3f0!3m2!1i1024!2i768!4f13.1!3m3!1m2!1s0x471221377bbbca63%3A0x1e33eb8c31916879!2sNov%C3%A1+Ves%2C+795+01+Doln%C3%AD+Moravice!5e0!3m2!1scs!2scz!4v1517432525678\" width=\"400\" height=\"300\" frameborder=\"0\" style=\"border:0\" allowfullscreen><\/iframe><\/p>\n<\/div>\n<\/div><\/div><\/div><div id=\"pgc-146-0-1\"  class=\"panel-grid-cell\" ><div id=\"panel-146-0-1-0\" class=\"so-panel widget widget_sow-editor panel-first-child\" data-index=\"2\" ><div\n\t\t\t\n\t\t\tclass=\"so-widget-sow-editor so-widget-sow-editor-base\"\n\t\t\t\n\t\t>\n<div class=\"siteorigin-widget-tinymce textwidget\">\n\t<p>B\u011b\u017eeck\u00e9 trat\u011b a okruhy u Nov\u00e9 Vsi u R\u00fdma\u0159ova - trat\u011b veden\u00e9 po louk\u00e1ch s kr\u00e1sn\u00fdmi v\u00fdhledy.<br \/>\nMo\u017enost napojen\u00ed na p\u00e1te\u0159n\u00ed Jesenickou ly\u017ea\u0159skou magistr\u00e1lu.<br \/>\nLy\u017ea\u0159sk\u00e9 b\u011b\u017eeck\u00e9 stopy jsou upravov\u00e1ny sn\u011b\u017en\u00fdm sk\u016ftrem jak pro klasick\u00fd styl, tak i pro bruslen\u00ed.<br \/>\nTrat\u011b jsou p\u0159\u00edstupny ly\u017ea\u0159sk\u00e9 b\u011b\u017eka\u0159sk\u00e9 ve\u0159ejnosti.<br \/>\nTrasa 2A (5,7 km): Nov\u00e1 Ves - Doln\u00ed Moravice<br \/>\nTrasa 2B (5,7 km): Nov\u00e1 Ves - Janovice - Star\u00e1 Ves<br \/>\nTrasa 2C (3,9 km): Nov\u00e1 Ves - Horn\u00ed Moravice - Doln\u00ed Moravice (Avalanche)<br \/>\nTrasa 2D (5 km): Nov\u00e1 Ves - okruhy<br \/>\nTrasa 2E (2,5km): Nov\u00e1 Ves - okruhy na louk\u00e1ch (osv\u011btlen\u00fd okruh)<\/p>\n<\/div>\n<\/div><\/div><div id=\"panel-146-0-1-1\" class=\"so-panel widget widget_sow-editor panel-last-child\" data-index=\"3\" ><div\n\t\t\t\n\t\t\tclass=\"so-widget-sow-editor so-widget-sow-editor-base\"\n\t\t\t\n\t\t>\n<div class=\"siteorigin-widget-tinymce textwidget\">\n\t<p><img decoding=\"async\" src=\"http:\/\/www.jeseniky.net\/foto\/pf_1130_09.jpg\" alt=\"B\u011b\u017eka\u0159sk\u00e9 trasy Nov\u00e1 Ves u R\u00fdma\u0159ova\" \/><\/p>\n<\/div>\n<\/div><\/div><\/div><\/div><\/div>","protected":false},"excerpt":{"rendered":"<p>B\u011b\u017eeck\u00e9 trat\u011b a okruhy u Nov\u00e9 Vsi u R\u00fdma\u0159ova &#8211; trat\u011b veden\u00e9 po louk\u00e1ch s kr\u00e1sn\u00fdmi v\u00fdhledy. Mo\u017enost napojen\u00ed na p\u00e1te\u0159n\u00ed Jesenickou ly\u017ea\u0159skou magistr\u00e1lu. Ly\u017ea\u0159sk\u00e9&hellip;<\/p>\n","protected":false},"author":1,"featured_media":0,"parent":0,"menu_order":0,"comment_status":"closed","ping_status":"closed","template":"","meta":{"ngg_post_thumbnail":0,"footnotes":""},"class_list":["post-146","page","type-page","status-publish","hentry"],"_links":{"self":[{"href":"https:\/\/www.podhorama.cz\/index.php\/wp-json\/wp\/v2\/pages\/146","targetHints":{"allow":["GET"]}}],"collection":[{"href":"https:\/\/www.podhorama.cz\/index.php\/wp-json\/wp\/v2\/pages"}],"about":[{"href":"https:\/\/www.podhorama.cz\/index.php\/wp-json\/wp\/v2\/types\/page"}],"author":[{"embeddable":true,"href":"https:\/\/www.podhorama.cz\/index.php\/wp-json\/wp\/v2\/users\/1"}],"replies":[{"embeddable":true,"href":"https:\/\/www.podhorama.cz\/index.php\/wp-json\/wp\/v2\/comments?post=146"}],"version-history":[{"count":3,"href":"https:\/\/www.podhorama.cz\/index.php\/wp-json\/wp\/v2\/pages\/146\/revisions"}],"predecessor-version":[{"id":1771,"href":"https:\/\/www.podhorama.cz\/index.php\/wp-json\/wp\/v2\/pages\/146\/revisions\/1771"}],"wp:attachment":[{"href":"https:\/\/www.podhorama.cz\/index.php\/wp-json\/wp\/v2\/media?parent=146"}],"curies":[{"name":"wp","href":"https:\/\/api.w.org\/{rel}","templated":true}]}}